{"id":43,"date":"2023-12-25T20:54:16","date_gmt":"2023-12-25T20:54:16","guid":{"rendered":"http:\/\/www.lamaisondupainaubeurre.com\/?page_id=43"},"modified":"2026-03-16T06:25:20","modified_gmt":"2026-03-16T06:25:20","slug":"livraison-a-domicile","status":"publish","type":"page","link":"https:\/\/www.lamaisondupainaubeurre.com\/index.php\/livraison-a-domicile\/","title":{"rendered":"Livraison \u00e0 domicile"},"content":{"rendered":"\t\t<div data-elementor-type=\"wp-page\" data-elementor-id=\"43\" class=\"elementor elementor-43\">\n\t\t\t\t<div class=\"elementor-element elementor-element-f08509b e-flex e-con-boxed e-con e-parent\" data-id=\"f08509b\" data-element_type=\"container\" data-e-type=\"container\">\n\t\t\t\t\t<div class=\"e-con-inner\">\n\t\t\t\t<div class=\"elementor-element elementor-element-eb75f98 elementor-widget elementor-widget-image\" data-id=\"eb75f98\" data-element_type=\"widget\" data-e-type=\"widget\" data-widget_type=\"image.default\">\n\t\t\t\t<div class=\"elementor-widget-container\">\n\t\t\t\t\t\t\t\t\t\t\t\t\t\t\t<img fetchpriority=\"high\" decoding=\"async\" width=\"1418\" height=\"684\" src=\"https:\/\/www.lamaisondupainaubeurre.com\/wp-content\/uploads\/2023\/12\/banniere-livraison-avec-pain-au-beurre-chocolat.jpg\" class=\"attachment-full size-full wp-image-314\" alt=\"\" srcset=\"https:\/\/www.lamaisondupainaubeurre.com\/wp-content\/uploads\/2023\/12\/banniere-livraison-avec-pain-au-beurre-chocolat.jpg 1418w, https:\/\/www.lamaisondupainaubeurre.com\/wp-content\/uploads\/2023\/12\/banniere-livraison-avec-pain-au-beurre-chocolat-300x145.jpg 300w, https:\/\/www.lamaisondupainaubeurre.com\/wp-content\/uploads\/2023\/12\/banniere-livraison-avec-pain-au-beurre-chocolat-1024x494.jpg 1024w, https:\/\/www.lamaisondupainaubeurre.com\/wp-content\/uploads\/2023\/12\/banniere-livraison-avec-pain-au-beurre-chocolat-768x370.jpg 768w, https:\/\/www.lamaisondupainaubeurre.com\/wp-content\/uploads\/2023\/12\/banniere-livraison-avec-pain-au-beurre-chocolat-600x289.jpg 600w\" sizes=\"(max-width: 1418px) 100vw, 1418px\" \/>\t\t\t\t\t\t\t\t\t\t\t\t\t\t\t<\/div>\n\t\t\t\t<\/div>\n\t\t\t\t\t<\/div>\n\t\t\t\t<\/div>\n\t\t<div class=\"elementor-element elementor-element-553b280 e-flex e-con-boxed e-con e-parent\" data-id=\"553b280\" data-element_type=\"container\" data-e-type=\"container\">\n\t\t\t\t\t<div class=\"e-con-inner\">\n\t\t<div class=\"elementor-element elementor-element-5080c06 e-con-full e-flex e-con e-child\" data-id=\"5080c06\" data-element_type=\"container\" data-e-type=\"container\">\n\t\t\t\t<\/div>\n\t\t<div class=\"elementor-element elementor-element-54a2c4a e-con-full e-flex e-con e-child\" data-id=\"54a2c4a\" data-element_type=\"container\" data-e-type=\"container\">\n\t\t\t\t<div class=\"elementor-element elementor-element-f55e59e elementor-widget elementor-widget-heading\" data-id=\"f55e59e\" data-element_type=\"widget\" data-e-type=\"widget\" data-widget_type=\"heading.default\">\n\t\t\t\t<div class=\"elementor-widget-container\">\n\t\t\t\t\t<h2 class=\"elementor-heading-title elementor-size-default\">Livraison \u00e0 domicile<\/h2>\t\t\t\t<\/div>\n\t\t\t\t<\/div>\n\t\t\t\t<div class=\"elementor-element elementor-element-17e8576 elementor-widget elementor-widget-text-editor\" data-id=\"17e8576\" data-element_type=\"widget\" data-e-type=\"widget\" data-widget_type=\"text-editor.default\">\n\t\t\t\t<div class=\"elementor-widget-container\">\n\t\t\t\t\t\t\t\t\t<p>Exp\u00e9dition partout en France, Belgique et Luxembourg<\/p>\t\t\t\t\t\t\t\t<\/div>\n\t\t\t\t<\/div>\n\t\t<div class=\"elementor-element elementor-element-51a4e23 e-grid e-con-full e-con e-child\" data-id=\"51a4e23\" data-element_type=\"container\" data-e-type=\"container\">\n\t\t\t\t<div class=\"elementor-element elementor-element-a83ef6a elementor-widget elementor-widget-image\" data-id=\"a83ef6a\" data-element_type=\"widget\" data-e-type=\"widget\" data-widget_type=\"image.default\">\n\t\t\t\t<div class=\"elementor-widget-container\">\n\t\t\t\t\t\t\t\t\t\t\t\t\t\t\t<img decoding=\"async\" width=\"600\" height=\"228\" src=\"https:\/\/www.lamaisondupainaubeurre.com\/wp-content\/uploads\/2025\/12\/colissimo.png\" class=\"attachment-large size-large wp-image-2101\" alt=\"\" srcset=\"https:\/\/www.lamaisondupainaubeurre.com\/wp-content\/uploads\/2025\/12\/colissimo.png 600w, https:\/\/www.lamaisondupainaubeurre.com\/wp-content\/uploads\/2025\/12\/colissimo-300x114.png 300w\" sizes=\"(max-width: 600px) 100vw, 600px\" \/>\t\t\t\t\t\t\t\t\t\t\t\t\t\t\t<\/div>\n\t\t\t\t<\/div>\n\t\t\t\t<div class=\"elementor-element elementor-element-9f5f04f elementor-widget elementor-widget-image\" data-id=\"9f5f04f\" data-element_type=\"widget\" data-e-type=\"widget\" data-widget_type=\"image.default\">\n\t\t\t\t<div class=\"elementor-widget-container\">\n\t\t\t\t\t\t\t\t\t\t\t\t\t\t\t<img decoding=\"async\" width=\"800\" height=\"249\" src=\"https:\/\/www.lamaisondupainaubeurre.com\/wp-content\/uploads\/2024\/06\/logo-Chronofresh-1024x319.png\" class=\"attachment-large size-large wp-image-959\" alt=\"\" srcset=\"https:\/\/www.lamaisondupainaubeurre.com\/wp-content\/uploads\/2024\/06\/logo-Chronofresh-1024x319.png 1024w, https:\/\/www.lamaisondupainaubeurre.com\/wp-content\/uploads\/2024\/06\/logo-Chronofresh-300x93.png 300w, https:\/\/www.lamaisondupainaubeurre.com\/wp-content\/uploads\/2024\/06\/logo-Chronofresh-768x239.png 768w, https:\/\/www.lamaisondupainaubeurre.com\/wp-content\/uploads\/2024\/06\/logo-Chronofresh-600x187.png 600w, https:\/\/www.lamaisondupainaubeurre.com\/wp-content\/uploads\/2024\/06\/logo-Chronofresh.png 1400w\" sizes=\"(max-width: 800px) 100vw, 800px\" \/>\t\t\t\t\t\t\t\t\t\t\t\t\t\t\t<\/div>\n\t\t\t\t<\/div>\n\t\t\t\t<\/div>\n\t\t\t\t<\/div>\n\t\t<div class=\"elementor-element elementor-element-a42d2c5 e-con-full e-flex e-con e-child\" data-id=\"a42d2c5\" data-element_type=\"container\" data-e-type=\"container\">\n\t\t\t\t<\/div>\n\t\t\t\t\t<\/div>\n\t\t\t\t<\/div>\n\t\t<div class=\"elementor-element elementor-element-b1b1ba4 e-flex e-con-boxed e-con e-parent\" data-id=\"b1b1ba4\" data-element_type=\"container\" data-e-type=\"container\">\n\t\t\t\t\t<div class=\"e-con-inner\">\n\t\t<div class=\"elementor-element elementor-element-b821165 e-con-full e-flex e-con e-child\" data-id=\"b821165\" data-element_type=\"container\" data-e-type=\"container\">\n\t\t\t\t<\/div>\n\t\t<div class=\"elementor-element elementor-element-9c25192 e-con-full e-flex e-con e-child\" data-id=\"9c25192\" data-element_type=\"container\" data-e-type=\"container\">\n\t\t\t\t<div class=\"elementor-element elementor-element-5031010 elementor-widget elementor-widget-toggle\" data-id=\"5031010\" data-element_type=\"widget\" data-e-type=\"widget\" data-widget_type=\"toggle.default\">\n\t\t\t\t<div class=\"elementor-widget-container\">\n\t\t\t\t\t\t\t<div class=\"elementor-toggle\">\n\t\t\t\t\t\t\t<div class=\"elementor-toggle-item\">\n\t\t\t\t\t<div id=\"elementor-tab-title-8401\" class=\"elementor-tab-title\" data-tab=\"1\" role=\"button\" aria-controls=\"elementor-tab-content-8401\" aria-expanded=\"false\">\n\t\t\t\t\t\t\t\t\t\t\t\t<span class=\"elementor-toggle-icon elementor-toggle-icon-left\" aria-hidden=\"true\">\n\t\t\t\t\t\t\t\t\t\t\t\t\t\t\t<span class=\"elementor-toggle-icon-closed\"><i class=\"fas fa-caret-right\"><\/i><\/span>\n\t\t\t\t\t\t\t\t<span class=\"elementor-toggle-icon-opened\"><i class=\"elementor-toggle-icon-opened fas fa-caret-up\"><\/i><\/span>\n\t\t\t\t\t\t\t\t\t\t\t\t\t<\/span>\n\t\t\t\t\t\t\t\t\t\t\t\t<a class=\"elementor-toggle-title\" tabindex=\"0\">Livraison Gratuite - Gretz-Armainvilliers - Tournan<\/a>\n\t\t\t\t\t<\/div>\n\n\t\t\t\t\t<div id=\"elementor-tab-content-8401\" class=\"elementor-tab-content elementor-clearfix\" data-tab=\"1\" role=\"region\" aria-labelledby=\"elementor-tab-title-8401\"><p>La livraison est gratuite sur Gretz-Armainvilliers et Tournan-en-Brie.<\/p><\/div>\n\t\t\t\t<\/div>\n\t\t\t\t\t\t\t<div class=\"elementor-toggle-item\">\n\t\t\t\t\t<div id=\"elementor-tab-title-8402\" class=\"elementor-tab-title\" data-tab=\"2\" role=\"button\" aria-controls=\"elementor-tab-content-8402\" aria-expanded=\"false\">\n\t\t\t\t\t\t\t\t\t\t\t\t<span class=\"elementor-toggle-icon elementor-toggle-icon-left\" aria-hidden=\"true\">\n\t\t\t\t\t\t\t\t\t\t\t\t\t\t\t<span class=\"elementor-toggle-icon-closed\"><i class=\"fas fa-caret-right\"><\/i><\/span>\n\t\t\t\t\t\t\t\t<span class=\"elementor-toggle-icon-opened\"><i class=\"elementor-toggle-icon-opened fas fa-caret-up\"><\/i><\/span>\n\t\t\t\t\t\t\t\t\t\t\t\t\t<\/span>\n\t\t\t\t\t\t\t\t\t\t\t\t<a class=\"elementor-toggle-title\" tabindex=\"0\">Livraison EXPRESS - 1 \u00e0 2 jours ouvr\u00e9s<\/a>\n\t\t\t\t\t<\/div>\n\n\t\t\t\t\t<div id=\"elementor-tab-content-8402\" class=\"elementor-tab-content elementor-clearfix\" data-tab=\"2\" role=\"region\" aria-labelledby=\"elementor-tab-title-8402\"><p>Exp\u00e9dition partout en France, Belgique, Luxembourg par Chronofresh.<\/p><p>Les commandes sont livr\u00e9es du mardi au samedi avant 13h. Il est IMPORTANT de passer commande la veille avant 12h.<\/p><p><em><strong>Pas d&rsquo;exp\u00e9dition le samedi et le dimanche.<\/strong><\/em><\/p><\/div>\n\t\t\t\t<\/div>\n\t\t\t\t\t\t\t<div class=\"elementor-toggle-item\">\n\t\t\t\t\t<div id=\"elementor-tab-title-8403\" class=\"elementor-tab-title\" data-tab=\"3\" role=\"button\" aria-controls=\"elementor-tab-content-8403\" aria-expanded=\"false\">\n\t\t\t\t\t\t\t\t\t\t\t\t<span class=\"elementor-toggle-icon elementor-toggle-icon-left\" aria-hidden=\"true\">\n\t\t\t\t\t\t\t\t\t\t\t\t\t\t\t<span class=\"elementor-toggle-icon-closed\"><i class=\"fas fa-caret-right\"><\/i><\/span>\n\t\t\t\t\t\t\t\t<span class=\"elementor-toggle-icon-opened\"><i class=\"elementor-toggle-icon-opened fas fa-caret-up\"><\/i><\/span>\n\t\t\t\t\t\t\t\t\t\t\t\t\t<\/span>\n\t\t\t\t\t\t\t\t\t\t\t\t<a class=\"elementor-toggle-title\" tabindex=\"0\">Livraison Standard - 2 \u00e0 3 jours ouvr\u00e9s<\/a>\n\t\t\t\t\t<\/div>\n\n\t\t\t\t\t<div id=\"elementor-tab-content-8403\" class=\"elementor-tab-content elementor-clearfix\" data-tab=\"3\" role=\"region\" aria-labelledby=\"elementor-tab-title-8403\"><p>Exp\u00e9dition partout en France, Belgique, Luxembourg par Colissimo.<\/p><p>Les commandes sont livr\u00e9es du mardi au samedi avant 13h. Il est IMPORTANT de passer commande avant 12h.<\/p><p><em><strong>Pas d&rsquo;exp\u00e9dition le samedi et le dimanche.<\/strong><\/em><\/p><\/div>\n\t\t\t\t<\/div>\n\t\t\t\t\t\t\t<div class=\"elementor-toggle-item\">\n\t\t\t\t\t<div id=\"elementor-tab-title-8404\" class=\"elementor-tab-title\" data-tab=\"4\" role=\"button\" aria-controls=\"elementor-tab-content-8404\" aria-expanded=\"false\">\n\t\t\t\t\t\t\t\t\t\t\t\t<span class=\"elementor-toggle-icon elementor-toggle-icon-left\" aria-hidden=\"true\">\n\t\t\t\t\t\t\t\t\t\t\t\t\t\t\t<span class=\"elementor-toggle-icon-closed\"><i class=\"fas fa-caret-right\"><\/i><\/span>\n\t\t\t\t\t\t\t\t<span class=\"elementor-toggle-icon-opened\"><i class=\"elementor-toggle-icon-opened fas fa-caret-up\"><\/i><\/span>\n\t\t\t\t\t\t\t\t\t\t\t\t\t<\/span>\n\t\t\t\t\t\t\t\t\t\t\t\t<a class=\"elementor-toggle-title\" tabindex=\"0\">Livraison \"F\u00eates de fin d'ann\u00e9e\"<\/a>\n\t\t\t\t\t<\/div>\n\n\t\t\t\t\t<div id=\"elementor-tab-content-8404\" class=\"elementor-tab-content elementor-clearfix\" data-tab=\"4\" role=\"region\" aria-labelledby=\"elementor-tab-title-8404\"><p>Exp\u00e9dition partout en France, Belgique, Luxembourg par Colissimo.<\/p><p><strong><span style=\"text-decoration: underline;\">R\u00e9veillon de No\u00ebl<\/span><\/strong><\/p><p>Pour recevoir votre commande <strong>entre<\/strong> <strong>le<\/strong>\u00a0<b>22 et<\/b>\u00a0<strong>23 d\u00e9cembre<\/strong>, il est IMPORTANT de passer commande avant le 19 d\u00e9cembre 12:00.<\/p><p><em><strong>Pas de livraison le 24 d\u00e9cembre.<\/strong><\/em><\/p><p><strong><span style=\"text-decoration: underline;\">R\u00e9veillon du jour de l&rsquo;an<\/span><\/strong><\/p><p>Pour recevoir votre commande <strong>entre<\/strong> <strong>le<\/strong> <strong>29 et<\/strong> <strong>30 d\u00e9cembre<\/strong>, il est IMPORTANT de passer commande avant le 26 d\u00e9cembre 12:00.<\/p><p><em><strong>Pas de livraison le 31 d\u00e9cembre.<\/strong><\/em><\/p><\/div>\n\t\t\t\t<\/div>\n\t\t\t\t\t\t\t\t<\/div>\n\t\t\t\t\t\t<\/div>\n\t\t\t\t<\/div>\n\t\t\t\t<\/div>\n\t\t<div class=\"elementor-element elementor-element-6a71ae9 e-con-full e-flex e-con e-child\" data-id=\"6a71ae9\" data-element_type=\"container\" data-e-type=\"container\">\n\t\t\t\t<\/div>\n\t\t\t\t\t<\/div>\n\t\t\t\t<\/div>\n\t\t<div class=\"elementor-element elementor-element-a9a30f9 e-flex e-con-boxed e-con e-parent\" data-id=\"a9a30f9\" data-element_type=\"container\" data-e-type=\"container\">\n\t\t\t\t\t<div class=\"e-con-inner\">\n\t\t\t\t<div class=\"elementor-element elementor-element-8ebe078 elementor-widget elementor-widget-spacer\" data-id=\"8ebe078\" data-element_type=\"widget\" data-e-type=\"widget\" data-widget_type=\"spacer.default\">\n\t\t\t\t<div class=\"elementor-widget-container\">\n\t\t\t\t\t\t\t<div class=\"elementor-spacer\">\n\t\t\t<div class=\"elementor-spacer-inner\"><\/div>\n\t\t<\/div>\n\t\t\t\t\t\t<\/div>\n\t\t\t\t<\/div>\n\t\t\t\t\t<\/div>\n\t\t\t\t<\/div>\n\t\t\t\t<\/div>\n\t\t","protected":false},"excerpt":{"rendered":"<p>Livraison \u00e0 domicile Exp\u00e9dition partout en France, Belgique et Luxembourg Livraison Gratuite &#8211; Gretz-Armainvilliers &#8211; Tournan La livraison est gratuite sur Gretz-Armainvilliers et Tournan-en-Brie. Livraison EXPRESS &#8211; 1 \u00e0 2 jours ouvr\u00e9s Exp\u00e9dition partout en France, Belgique, Luxembourg par Chronofresh. Les commandes sont livr\u00e9es du mardi au samedi avant 13h. Il est IMPORTANT de passer [&hellip;]<\/p>\n","protected":false},"author":1,"featured_media":0,"parent":0,"menu_order":0,"comment_status":"closed","ping_status":"closed","template":"","meta":{"footnotes":""},"class_list":["post-43","page","type-page","status-publish","hentry"],"yoast_head":"<!-- This site is optimized with the Yoast SEO plugin v27.4 - https:\/\/yoast.com\/product\/yoast-seo-wordpress\/ -->\n<title>Livraison \u00e0 domicile - La maison du pain au beurre<\/title>\n<meta name=\"description\" content=\"Fa\u00eetes-vous livrer votre pain au beurre \u00e0 domicile partout en France gr\u00e2ce au service de livraison Chronofresh.\" \/>\n<meta name=\"robots\" content=\"index, follow, max-snippet:-1, max-image-preview:large, max-video-preview:-1\" \/>\n<link rel=\"canonical\" href=\"https:\/\/www.lamaisondupainaubeurre.com\/index.php\/livraison-a-domicile\/\" \/>\n<meta property=\"og:locale\" content=\"fr_FR\" \/>\n<meta property=\"og:type\" content=\"article\" \/>\n<meta property=\"og:title\" content=\"Livraison \u00e0 domicile - La maison du pain au beurre\" \/>\n<meta property=\"og:description\" content=\"Fa\u00eetes-vous livrer votre pain au beurre \u00e0 domicile partout en France gr\u00e2ce au service de livraison Chronofresh.\" \/>\n<meta property=\"og:url\" content=\"https:\/\/www.lamaisondupainaubeurre.com\/index.php\/livraison-a-domicile\/\" \/>\n<meta property=\"og:site_name\" content=\"La maison du pain au beurre\" \/>\n<meta property=\"article:modified_time\" content=\"2026-03-16T06:25:20+00:00\" \/>\n<meta property=\"og:image\" content=\"https:\/\/www.lamaisondupainaubeurre.com\/wp-content\/uploads\/2023\/12\/banniere-livraison-avec-pain-au-beurre-chocolat.jpg\" \/>\n\t<meta property=\"og:image:width\" content=\"1418\" \/>\n\t<meta property=\"og:image:height\" content=\"684\" \/>\n\t<meta property=\"og:image:type\" content=\"image\/jpeg\" \/>\n<meta name=\"twitter:card\" content=\"summary_large_image\" \/>\n<meta name=\"twitter:label1\" content=\"Dur\u00e9e de lecture estim\u00e9e\" \/>\n\t<meta name=\"twitter:data1\" content=\"2 minutes\" \/>\n<script type=\"application\/ld+json\" class=\"yoast-schema-graph\">{\"@context\":\"https:\\\/\\\/schema.org\",\"@graph\":[{\"@type\":\"WebPage\",\"@id\":\"https:\\\/\\\/www.lamaisondupainaubeurre.com\\\/index.php\\\/livraison-a-domicile\\\/\",\"url\":\"https:\\\/\\\/www.lamaisondupainaubeurre.com\\\/index.php\\\/livraison-a-domicile\\\/\",\"name\":\"Livraison \u00e0 domicile - La maison du pain au beurre\",\"isPartOf\":{\"@id\":\"https:\\\/\\\/www.lamaisondupainaubeurre.com\\\/#website\"},\"primaryImageOfPage\":{\"@id\":\"https:\\\/\\\/www.lamaisondupainaubeurre.com\\\/index.php\\\/livraison-a-domicile\\\/#primaryimage\"},\"image\":{\"@id\":\"https:\\\/\\\/www.lamaisondupainaubeurre.com\\\/index.php\\\/livraison-a-domicile\\\/#primaryimage\"},\"thumbnailUrl\":\"http:\\\/\\\/www.lamaisondupainaubeurre.com\\\/wp-content\\\/uploads\\\/2023\\\/12\\\/banniere-livraison-avec-pain-au-beurre-chocolat.jpg\",\"datePublished\":\"2023-12-25T20:54:16+00:00\",\"dateModified\":\"2026-03-16T06:25:20+00:00\",\"description\":\"Fa\u00eetes-vous livrer votre pain au beurre \u00e0 domicile partout en France gr\u00e2ce au service de livraison Chronofresh.\",\"breadcrumb\":{\"@id\":\"https:\\\/\\\/www.lamaisondupainaubeurre.com\\\/index.php\\\/livraison-a-domicile\\\/#breadcrumb\"},\"inLanguage\":\"fr-FR\",\"potentialAction\":[{\"@type\":\"ReadAction\",\"target\":[\"https:\\\/\\\/www.lamaisondupainaubeurre.com\\\/index.php\\\/livraison-a-domicile\\\/\"]}]},{\"@type\":\"ImageObject\",\"inLanguage\":\"fr-FR\",\"@id\":\"https:\\\/\\\/www.lamaisondupainaubeurre.com\\\/index.php\\\/livraison-a-domicile\\\/#primaryimage\",\"url\":\"https:\\\/\\\/www.lamaisondupainaubeurre.com\\\/wp-content\\\/uploads\\\/2023\\\/12\\\/banniere-livraison-avec-pain-au-beurre-chocolat.jpg\",\"contentUrl\":\"https:\\\/\\\/www.lamaisondupainaubeurre.com\\\/wp-content\\\/uploads\\\/2023\\\/12\\\/banniere-livraison-avec-pain-au-beurre-chocolat.jpg\",\"width\":1418,\"height\":684},{\"@type\":\"BreadcrumbList\",\"@id\":\"https:\\\/\\\/www.lamaisondupainaubeurre.com\\\/index.php\\\/livraison-a-domicile\\\/#breadcrumb\",\"itemListElement\":[{\"@type\":\"ListItem\",\"position\":1,\"name\":\"Accueil\",\"item\":\"https:\\\/\\\/www.lamaisondupainaubeurre.com\\\/\"},{\"@type\":\"ListItem\",\"position\":2,\"name\":\"Livraison \u00e0 domicile\"}]},{\"@type\":\"WebSite\",\"@id\":\"https:\\\/\\\/www.lamaisondupainaubeurre.com\\\/#website\",\"url\":\"https:\\\/\\\/www.lamaisondupainaubeurre.com\\\/\",\"name\":\"La maison du pain au beurre\",\"description\":\"\",\"publisher\":{\"@id\":\"https:\\\/\\\/www.lamaisondupainaubeurre.com\\\/#organization\"},\"potentialAction\":[{\"@type\":\"SearchAction\",\"target\":{\"@type\":\"EntryPoint\",\"urlTemplate\":\"https:\\\/\\\/www.lamaisondupainaubeurre.com\\\/?s={search_term_string}\"},\"query-input\":{\"@type\":\"PropertyValueSpecification\",\"valueRequired\":true,\"valueName\":\"search_term_string\"}}],\"inLanguage\":\"fr-FR\"},{\"@type\":\"Organization\",\"@id\":\"https:\\\/\\\/www.lamaisondupainaubeurre.com\\\/#organization\",\"name\":\"La maison du pain au beurre\",\"url\":\"https:\\\/\\\/www.lamaisondupainaubeurre.com\\\/\",\"logo\":{\"@type\":\"ImageObject\",\"inLanguage\":\"fr-FR\",\"@id\":\"https:\\\/\\\/www.lamaisondupainaubeurre.com\\\/#\\\/schema\\\/logo\\\/image\\\/\",\"url\":\"https:\\\/\\\/www.lamaisondupainaubeurre.com\\\/wp-content\\\/uploads\\\/2023\\\/12\\\/Logo-la-maison-du-pain-au-beurre-rouge-avec-bordure.png\",\"contentUrl\":\"https:\\\/\\\/www.lamaisondupainaubeurre.com\\\/wp-content\\\/uploads\\\/2023\\\/12\\\/Logo-la-maison-du-pain-au-beurre-rouge-avec-bordure.png\",\"width\":900,\"height\":338,\"caption\":\"La maison du pain au beurre\"},\"image\":{\"@id\":\"https:\\\/\\\/www.lamaisondupainaubeurre.com\\\/#\\\/schema\\\/logo\\\/image\\\/\"}}]}<\/script>\n<!-- \/ Yoast SEO plugin. -->","yoast_head_json":{"title":"Livraison \u00e0 domicile - La maison du pain au beurre","description":"Fa\u00eetes-vous livrer votre pain au beurre \u00e0 domicile partout en France gr\u00e2ce au service de livraison Chronofresh.","robots":{"index":"index","follow":"follow","max-snippet":"max-snippet:-1","max-image-preview":"max-image-preview:large","max-video-preview":"max-video-preview:-1"},"canonical":"https:\/\/www.lamaisondupainaubeurre.com\/index.php\/livraison-a-domicile\/","og_locale":"fr_FR","og_type":"article","og_title":"Livraison \u00e0 domicile - La maison du pain au beurre","og_description":"Fa\u00eetes-vous livrer votre pain au beurre \u00e0 domicile partout en France gr\u00e2ce au service de livraison Chronofresh.","og_url":"https:\/\/www.lamaisondupainaubeurre.com\/index.php\/livraison-a-domicile\/","og_site_name":"La maison du pain au beurre","article_modified_time":"2026-03-16T06:25:20+00:00","og_image":[{"width":1418,"height":684,"url":"https:\/\/www.lamaisondupainaubeurre.com\/wp-content\/uploads\/2023\/12\/banniere-livraison-avec-pain-au-beurre-chocolat.jpg","type":"image\/jpeg"}],"twitter_card":"summary_large_image","twitter_misc":{"Dur\u00e9e de lecture estim\u00e9e":"2 minutes"},"schema":{"@context":"https:\/\/schema.org","@graph":[{"@type":"WebPage","@id":"https:\/\/www.lamaisondupainaubeurre.com\/index.php\/livraison-a-domicile\/","url":"https:\/\/www.lamaisondupainaubeurre.com\/index.php\/livraison-a-domicile\/","name":"Livraison \u00e0 domicile - La maison du pain au beurre","isPartOf":{"@id":"https:\/\/www.lamaisondupainaubeurre.com\/#website"},"primaryImageOfPage":{"@id":"https:\/\/www.lamaisondupainaubeurre.com\/index.php\/livraison-a-domicile\/#primaryimage"},"image":{"@id":"https:\/\/www.lamaisondupainaubeurre.com\/index.php\/livraison-a-domicile\/#primaryimage"},"thumbnailUrl":"http:\/\/www.lamaisondupainaubeurre.com\/wp-content\/uploads\/2023\/12\/banniere-livraison-avec-pain-au-beurre-chocolat.jpg","datePublished":"2023-12-25T20:54:16+00:00","dateModified":"2026-03-16T06:25:20+00:00","description":"Fa\u00eetes-vous livrer votre pain au beurre \u00e0 domicile partout en France gr\u00e2ce au service de livraison Chronofresh.","breadcrumb":{"@id":"https:\/\/www.lamaisondupainaubeurre.com\/index.php\/livraison-a-domicile\/#breadcrumb"},"inLanguage":"fr-FR","potentialAction":[{"@type":"ReadAction","target":["https:\/\/www.lamaisondupainaubeurre.com\/index.php\/livraison-a-domicile\/"]}]},{"@type":"ImageObject","inLanguage":"fr-FR","@id":"https:\/\/www.lamaisondupainaubeurre.com\/index.php\/livraison-a-domicile\/#primaryimage","url":"https:\/\/www.lamaisondupainaubeurre.com\/wp-content\/uploads\/2023\/12\/banniere-livraison-avec-pain-au-beurre-chocolat.jpg","contentUrl":"https:\/\/www.lamaisondupainaubeurre.com\/wp-content\/uploads\/2023\/12\/banniere-livraison-avec-pain-au-beurre-chocolat.jpg","width":1418,"height":684},{"@type":"BreadcrumbList","@id":"https:\/\/www.lamaisondupainaubeurre.com\/index.php\/livraison-a-domicile\/#breadcrumb","itemListElement":[{"@type":"ListItem","position":1,"name":"Accueil","item":"https:\/\/www.lamaisondupainaubeurre.com\/"},{"@type":"ListItem","position":2,"name":"Livraison \u00e0 domicile"}]},{"@type":"WebSite","@id":"https:\/\/www.lamaisondupainaubeurre.com\/#website","url":"https:\/\/www.lamaisondupainaubeurre.com\/","name":"La maison du pain au beurre","description":"","publisher":{"@id":"https:\/\/www.lamaisondupainaubeurre.com\/#organization"},"potentialAction":[{"@type":"SearchAction","target":{"@type":"EntryPoint","urlTemplate":"https:\/\/www.lamaisondupainaubeurre.com\/?s={search_term_string}"},"query-input":{"@type":"PropertyValueSpecification","valueRequired":true,"valueName":"search_term_string"}}],"inLanguage":"fr-FR"},{"@type":"Organization","@id":"https:\/\/www.lamaisondupainaubeurre.com\/#organization","name":"La maison du pain au beurre","url":"https:\/\/www.lamaisondupainaubeurre.com\/","logo":{"@type":"ImageObject","inLanguage":"fr-FR","@id":"https:\/\/www.lamaisondupainaubeurre.com\/#\/schema\/logo\/image\/","url":"https:\/\/www.lamaisondupainaubeurre.com\/wp-content\/uploads\/2023\/12\/Logo-la-maison-du-pain-au-beurre-rouge-avec-bordure.png","contentUrl":"https:\/\/www.lamaisondupainaubeurre.com\/wp-content\/uploads\/2023\/12\/Logo-la-maison-du-pain-au-beurre-rouge-avec-bordure.png","width":900,"height":338,"caption":"La maison du pain au beurre"},"image":{"@id":"https:\/\/www.lamaisondupainaubeurre.com\/#\/schema\/logo\/image\/"}}]}},"_links":{"self":[{"href":"https:\/\/www.lamaisondupainaubeurre.com\/index.php\/wp-json\/wp\/v2\/pages\/43","targetHints":{"allow":["GET"]}}],"collection":[{"href":"https:\/\/www.lamaisondupainaubeurre.com\/index.php\/wp-json\/wp\/v2\/pages"}],"about":[{"href":"https:\/\/www.lamaisondupainaubeurre.com\/index.php\/wp-json\/wp\/v2\/types\/page"}],"author":[{"embeddable":true,"href":"https:\/\/www.lamaisondupainaubeurre.com\/index.php\/wp-json\/wp\/v2\/users\/1"}],"replies":[{"embeddable":true,"href":"https:\/\/www.lamaisondupainaubeurre.com\/index.php\/wp-json\/wp\/v2\/comments?post=43"}],"version-history":[{"count":289,"href":"https:\/\/www.lamaisondupainaubeurre.com\/index.php\/wp-json\/wp\/v2\/pages\/43\/revisions"}],"predecessor-version":[{"id":2489,"href":"https:\/\/www.lamaisondupainaubeurre.com\/index.php\/wp-json\/wp\/v2\/pages\/43\/revisions\/2489"}],"wp:attachment":[{"href":"https:\/\/www.lamaisondupainaubeurre.com\/index.php\/wp-json\/wp\/v2\/media?parent=43"}],"curies":[{"name":"wp","href":"https:\/\/api.w.org\/{rel}","templated":true}]}}